10*d - 181. What is the units digit of r(-1)?
9
Let j(a) = a**2 - a - 15. Let d be j(-4). Suppose -d*o + 0*o + 4355 = 0. What is the units digit of o?
1
Suppose -5*p = 4*x - 8564, 4*p - 6423 = -3*x + 5*p. What is the hundreds digit of x?
1
Suppose 5*a - 1158 = 10347. Suppose 0 = 11*u + 2*u - a. What is the hundreds digit of u?
1
Let o = 14 - 9. Suppose -52*h = -53*h + o. Suppose -s + h*s - 2*u = 250, -s + 40 = -5*u. What is the units digit of s?
5
Suppose -7*g = -17 + 3. What is the tens digit of (-3)/((-12)/464*g)?
5
Suppose 5*t - 197 = -87. Suppose t*z - 26236 = 9316. What is the units digit of z?
6
Let w be 0*(72/(-16) - -4). Suppose -133*j + 119*j + 12376 = w. What is the units digit of j?
4
Let u be 41 + 4/(-2 + 0). Let b(s) = 0*s**2 - 37*s - s**2 + u*s - 15 + 18*s. What is the tens digit of b(16)?
4
Let h = 730 - 726. Suppose -5*f + 4*i + 2383 = 0, 2398 = f + 4*f + i. Suppose h*n + 0*z = 3*z + f, 5*n - 585 = z. What is the tens digit of n?
1
Let q = -163 + 166. What is the hundreds digit of (-10 + q)/(2 - 138/68)?
2
Let q = -45100 - -91208. What is the thousands digit of q?
6
Suppose 2*a - 103 = -2*m + 61, 0 = -m + 5*a + 112. Suppose 69*k = m*k - 11502. What is the tens digit of k?
3
Let c(p) = 7*p - 306. Let q be c(40). Suppose -3*o + 130 = -5*z, -z + 6*z + 5*o + 90 = 0. Let n = z - q. What is the units digit of n?
3
Suppose 68*o - 70*o - 4*a = -10568, a + 4 = 0. What is the hundreds digit of o?
2
Let u be 2 - -5 - 6640/(-10). Suppose -670*d = -u*d + 683. What is the units digit of d?
3
Let o = 9583 - 5691. What is the hundreds digit of o?
8
Suppose -50*a + 54*a - 4 = 0. What is the hundreds digit of ((-9)/6 + a)/(5/(-5080))?
5
Let c = -2073 + 9919. What is the tens digit of c?
4
Let u be 11/33 - (-16)/3*623. Suppose u + 8197 = 15*x. What is the tens digit of x?
6
Suppose 8 = f + 5*c, -f - 3*c = -4*c - 8. What is the tens digit of f*-1*(-128 + 6)?
7
Suppose -54 = -k + 28. Let o = 193 - k. Suppose -4*d + 145 = -o. What is the units digit of d?
4
Suppose 3*u + 311009 = 5*w, 42*w + 311002 = 47*w - 4*u. What is the ten thousands digit of w?
6
Let i be (-11)/((-33)/12) - -1682. Let t = -826 + i. What is the tens digit of t?
6
Let a be (2 + -1)*8/((-96)/60). What is the hundreds digit of (75120/(-144))/(a/6)?
6
Let c be 2/(-6) - (-41)/(-3). Let z(g) = -g - 9. Let s be z(c). Suppose 308 = s*v - 3*l, -l - 188 = -3*v - 0*v. What is the tens digit of v?
6
Suppose -5*h + 1303 = 4*s, -8*h + 6*h = 2. Let i = s - 208. What is the units digit of i?
9
Let a = -122 + 130. What is the units digit of (-5)/((-140)/68) - a/(-14)?
3
Let z(q) = 7*q**2 - 2*q + 13. Let b be z(-5). What is the units digit of (0 - (-1 - b))*(-14 + 15)?
9
Let d be -237*2*68/8. What is the units digit of (-28)/(-70) + d/(-15)?
9
Suppose -36*s + 54 = -126. Suppose -8 = 4*v + s*w, -42 = 3*v + 5*w - 31. What is the units digit of v?
3
Let d = -19216 + 21985. What is the hundreds digit of d?
7
Let x(m) = -m**3 + 6*m**2 + 2*m + 1. Let c be x(7). Let n = c - -32. What is the tens digit of 3 - (-2)/n - (-15)/1?
1
Suppose 1668 = 20*s - 24372. Suppose -5*q + s = -3*q. What is the hundreds digit of q?
6
Suppose 5*k = -5*c - 10, 0 = -k - 2*k + 3*c - 12. What is the units digit of 240 - 15 - 0/k?
5
Let n be (-1 + 195)/((-8)/(-104)). Suppose 12*h - n = -h. What is the units digit of h?
4
What is the tens digit of 37249/12 + 137/(-1644)?
0
Let n be (-1 - (-2 + 4))*1. Let h be -1*(6 + n)*10/(-3). What is the tens digit of (155/h)/(2/4)?
3
Suppose 0 = -8*b - 53*b + 18 + 897. Let z be ((-3)/(-2))/(6/16). Suppose -b = z*u - 5*g - 243, 2*u - 114 = -g. What is the tens digit of u?
5
Let k(a) = 1054*a**2 - 20*a - 7. What is the units digit of k(4)?
7
Suppose -2*z = q + 900, -96*q + 93*q = 2*z + 2696. Let h = -298 - q. What is the units digit of h?
0
Let m(w) = 385*w**2 - 59*w - 212. What is the hundreds digit of m(-6)?
0
Let f(n) = n**3 - 10*n**2 - 11*n + 5. Let b be f(11). Suppose -534 = -b*r + 2*t, t + 0 = 3. Let w = r + -25. What is the units digit of w?
3
Let x(y) = -6*y**2 - 34*y + 14. Let b be x(-6). Suppose 2*u = -b*i + 2324, 2 = 11*u - 13*u. What is the thousands digit of i?
1
Suppose 2*q - 32641 = -5*b + 11537, 5*q + 4*b - 110445 = 0. What is the ten thousands digit of q?
2
Suppose b = 26*a - 25*a - 299, 0 = 5*a - 3*b - 1503. Suppose 1782 = 3*f - a. What is the hundreds digit of f?
6
What is the tens digit of 13/(-26)*220*-188?
8
Let v(w) = -5*w**2 - 41*w - 12. Let g be v(-8). Let q(i) = 6*i - 38. Let y(s) = -26*s + 153. Let r(p) = g*y(p) - 18*q(p). What is the tens digit of r(-6)?
9
Let n = 8016 - 3961. Let a = n - 2241. What is the thousands digit of a?
1
Suppose -3*q = -4*c + 191, 4*q + 16 = c - 22. What is the units digit of c?
0
Let c = 169 + -167. Let h(f) = 125*f**2 + 9*f - 9. What is the units digit of h(c)?
9
Suppose 0 = 10*c + 32854 - 597570 + 19266. What is the hundreds digit of c?
5
Let o(h) = -176*h - 2 + 17*h**2 + 16*h**2 + 146*h. What is the hundreds digit of o(-4)?
6
Let s(h) = 2*h**3 + 9*h**2 + 3*h - 6. Suppose -5*y + 17 = v, 3*v = -5*y + 8*y - 21. What is the tens digit of s(v)?
1
Suppose -3*a - x = -234 - 19, 0 = 4*a - 3*x - 333. Let m = a + 213. What is the tens digit of m?
9
Let t = -1710 - -2505. Let b = t + 158. What is the tens digit of b?
5
Let i be 6/(-4)*(8 - 10). Suppose -v - 662 = -i*v. Suppose 3*w - v = -4*n - 49, -4*n + 184 = 2*w. What is the tens digit of w?
9
Suppose 47*w - 653044 = 220040 + 1237075. What is the tens digit of w?
9
Let u be (32/3)/((-112)/(-7224)). Let z = u + -271. What is the units digit of z?
7
Let c be (7/(-3) - 1) + (-100)/150. Let h = c + 3. What is the units digit of (106 - h) + -1*(-7 + 4)?
0
Suppose 0 = z - 5*r - 6173, -6167 = 28*z - 29*z + 4*r. What is the thousands digit of z?
6
Suppose -7*m - 10 = -u - 6*m, -5*m = -2*u + 26. Suppose -1764 - 1468 = -u*y. What is the units digit of y?
4
Let q be 52/12 + -4 - (-196)/6. Suppose -5*k + 32 = -q. Suppose 0 = -k*z + 8*z + 500. What is the hundreds digit of z?
1
Let i be 98/(-343) - (-12030)/14. Suppose 36 = -4*d - 3*w + i, -415 = -2*d - 5*w. What is the units digit of d?
5
Suppose 2*p + 5*k - 3157 - 5029 = 0, 5*k - 20450 = -5*p. Let i = p - 2104. What is the units digit of i?
4
Let b(v) = -194*v + 194. What is the tens digit of b(-21)?
6
Let y(h) = -h**3 - 13*h**2 + 40*h - 148. What is the ten thousands digit of y(-34)?
2
Suppose 0 = 105*a + 73*a - 6448584. What is the ten thousands digit of a?
3
Let h(o) = 21415*o**2 + 1941*o - 3885. What is the units digit of h(2)?
7
Suppose -257*f + 804906 + 1148206 = 657318. What is the units digit of f?
2
Let j(f) be the second derivative of f**5/10 + 19*f**4/12 - f**3 + 9*f**2/2 - 25*f. Let q(g) be the first derivative of j(g). What is the units digit of q(-10)?
4
Let l(p) = p**3 + 69*p**2 + 28*p - 33. What is the hundreds digit of l(-20)?
0
Let o = -9544 - -17280. What is the thousands digit of o?
7
Let r be -9 - (-4)/18*(4 - 13). Let a = 134 + r. Let c = -78 + a. What is the units digit of c?
5
Let a = -1 + 10. Suppose -236 - 684 = -2*r. Suppose 0 = a*b + r - 1621. What is the hundreds digit of b?
1
Suppose 4465397 = 101*i + 7*i + 23*i. What is the tens digit of i?
8
Suppose h - 84 = 7*h. What is the hundreds digit of (h/(-42))/((-1)/9) + 358?
3
Suppose -196529 = -7*z + 53175. What is the thousands digit of z?
5
Let g = 176 - 173. Suppose z + 578 = g*j, 4*j = 9*j + z - 966. What is the units digit of j?
3
Suppose 16*m + 45 = 21*m, 0 = 5*q + m - 64379. What is the hundreds digit of q?
8
Suppose -9*w + 3590 = w. Suppose 2*h = -3*o - 138, h = 6*h + 4*o + w. Let c = 148 + h. What is the units digit of c?
3
Let u be ((-6)/(-15))/((1/10)/(-1)). Let t(f) = -2*f - 2. Let b be t(u). Suppose -s = -b*s + 385. What is the units digit of s?
7
Let n(o) = 4*o - 4. Let y be 4/(-14) + (-174)/(-21). Let r = y - -1. What is the tens digit of n(r)?
3
Let v be ((-18)/10)/((-1)/5). Suppose -v*q = 142 - 520. What is the units digit of q?
2
Let o be (98 - 2)/((-40)/(-180)). Let a = 200 + o. What is the hundreds digit of a?
6
Let q(l) = -l**3 + 6*l**2 + 9*l - 6. Let w be q(7). Suppose w*t = 3*t + 40. What is the tens digit of 71 + t/(-20)*-5?
7
Let q = -257 + 262. Suppose 5*v = 9*v - 128. Suppose -q*g = v - 462. What is the tens digit of g?
8
Let i = 108 + -99. Suppose 